{"id":1281,"date":"2020-05-07T09:59:10","date_gmt":"2020-05-07T09:59:10","guid":{"rendered":"https:\/\/museodelaprecariedad.cjex.org\/?page_id=1281"},"modified":"2020-05-07T10:00:11","modified_gmt":"2020-05-07T10:00:11","slug":"viviana","status":"publish","type":"page","link":"https:\/\/museodelaprecariedad.cjex.org\/index.php\/coleccion\/viviana\/","title":{"rendered":"Llaves de casa"},"content":{"rendered":"<p><img loading=\"lazy\" decoding=\"async\" class=\"size-full wp-image-1282 aligncenter\" src=\"https:\/\/museodelaprecariedad.cjex.org\/wp-content\/uploads\/2020\/05\/museo-precariedad-llaves-casa.jpg\" alt=\"\" width=\"1113\" height=\"1110\" srcset=\"https:\/\/museodelaprecariedad.cjex.org\/wp-content\/uploads\/2020\/05\/museo-precariedad-llaves-casa.jpg 1113w, https:\/\/museodelaprecariedad.cjex.org\/wp-content\/uploads\/2020\/05\/museo-precariedad-llaves-casa-300x300.jpg 300w, https:\/\/museodelaprecariedad.cjex.org\/wp-content\/uploads\/2020\/05\/museo-precariedad-llaves-casa-1024x1021.jpg 1024w, https:\/\/museodelaprecariedad.cjex.org\/wp-content\/uploads\/2020\/05\/museo-precariedad-llaves-casa-150x150.jpg 150w, https:\/\/museodelaprecariedad.cjex.org\/wp-content\/uploads\/2020\/05\/museo-precariedad-llaves-casa-768x766.jpg 768w, https:\/\/museodelaprecariedad.cjex.org\/wp-content\/uploads\/2020\/05\/museo-precariedad-llaves-casa-75x75.jpg 75w\" sizes=\"auto, (max-width: 1113px) 100vw, 1113px\" \/><\/p>\n<p>Nombre: Viviana<br \/>\nEdad: 27<\/p>\n<p>Mi historia es sencilla. Mi empresa no entiende que pueda tener miedo para salir a la calle despu\u00e9s del COVID. Me dedico a la producci\u00f3n de eventos. La semana que viene podemos abrir, pero mi trabajo lo puedo hacer perfectamente de forma telem\u00e1tica. Quieren que acuda a pesar del riesgo que supone y la ansiedad que me genera.<\/p>\n<p>S\u00e9 que en alg\u00fan momento tendr\u00e9 que salir, pero me parece muy precipitado esta semana y no me dan otra opci\u00f3n<\/p>\n","protected":false},"excerpt":{"rendered":"<p>Nombre: Viviana Edad: 27 Mi historia es sencilla. Mi empresa no entiende que pueda tener miedo para salir a la calle despu\u00e9s del COVID. Me dedico a la producci\u00f3n de eventos. La semana que viene podemos abrir, pero mi trabajo lo puedo hacer perfectamente de forma telem\u00e1tica. Quieren que acuda a pesar del riesgo que [&hellip;]<\/p>\n","protected":false},"author":1,"featured_media":1282,"parent":533,"menu_order":5,"comment_status":"closed","ping_status":"closed","template":"","meta":{"_genesis_hide_title":false,"_genesis_hide_breadcrumbs":false,"_genesis_hide_singular_image":false,"_genesis_hide_footer_widgets":false,"_genesis_custom_body_class":"","_genesis_custom_post_class":"","_genesis_layout":"","footnotes":""},"class_list":{"0":"post-1281","1":"page","2":"type-page","3":"status-publish","4":"has-post-thumbnail","6":"entry"},"_links":{"self":[{"href":"https:\/\/museodelaprecariedad.cjex.org\/index.php\/wp-json\/wp\/v2\/pages\/1281","targetHints":{"allow":["GET"]}}],"collection":[{"href":"https:\/\/museodelaprecariedad.cjex.org\/index.php\/wp-json\/wp\/v2\/pages"}],"about":[{"href":"https:\/\/museodelaprecariedad.cjex.org\/index.php\/wp-json\/wp\/v2\/types\/page"}],"author":[{"embeddable":true,"href":"https:\/\/museodelaprecariedad.cjex.org\/index.php\/wp-json\/wp\/v2\/users\/1"}],"replies":[{"embeddable":true,"href":"https:\/\/museodelaprecariedad.cjex.org\/index.php\/wp-json\/wp\/v2\/comments?post=1281"}],"version-history":[{"count":2,"href":"https:\/\/museodelaprecariedad.cjex.org\/index.php\/wp-json\/wp\/v2\/pages\/1281\/revisions"}],"predecessor-version":[{"id":1284,"href":"https:\/\/museodelaprecariedad.cjex.org\/index.php\/wp-json\/wp\/v2\/pages\/1281\/revisions\/1284"}],"up":[{"embeddable":true,"href":"https:\/\/museodelaprecariedad.cjex.org\/index.php\/wp-json\/wp\/v2\/pages\/533"}],"wp:featuredmedia":[{"embeddable":true,"href":"https:\/\/museodelaprecariedad.cjex.org\/index.php\/wp-json\/wp\/v2\/media\/1282"}],"wp:attachment":[{"href":"https:\/\/museodelaprecariedad.cjex.org\/index.php\/wp-json\/wp\/v2\/media?parent=1281"}],"curies":[{"name":"wp","href":"https:\/\/api.w.org\/{rel}","templated":true}]}}