{"id":1241,"date":"2020-05-02T09:50:40","date_gmt":"2020-05-02T09:50:40","guid":{"rendered":"https:\/\/museodelaprecariedad.cjex.org\/?page_id=1241"},"modified":"2020-05-02T09:51:05","modified_gmt":"2020-05-02T09:51:05","slug":"1241-2","status":"publish","type":"page","link":"https:\/\/museodelaprecariedad.cjex.org\/index.php\/coleccion\/1241-2\/","title":{"rendered":"Bicicleta"},"content":{"rendered":"<p><img loading=\"lazy\" decoding=\"async\" class=\"size-full wp-image-1242 aligncenter\" src=\"https:\/\/museodelaprecariedad.cjex.org\/wp-content\/uploads\/2020\/05\/Bicicleta.jpg\" alt=\"\" width=\"1113\" height=\"1110\" srcset=\"https:\/\/museodelaprecariedad.cjex.org\/wp-content\/uploads\/2020\/05\/Bicicleta.jpg 1113w, https:\/\/museodelaprecariedad.cjex.org\/wp-content\/uploads\/2020\/05\/Bicicleta-300x300.jpg 300w, https:\/\/museodelaprecariedad.cjex.org\/wp-content\/uploads\/2020\/05\/Bicicleta-1024x1021.jpg 1024w, https:\/\/museodelaprecariedad.cjex.org\/wp-content\/uploads\/2020\/05\/Bicicleta-150x150.jpg 150w, https:\/\/museodelaprecariedad.cjex.org\/wp-content\/uploads\/2020\/05\/Bicicleta-768x766.jpg 768w, https:\/\/museodelaprecariedad.cjex.org\/wp-content\/uploads\/2020\/05\/Bicicleta-75x75.jpg 75w\" sizes=\"auto, (max-width: 1113px) 100vw, 1113px\" \/><\/p>\n<p>Nombre: M.I.<br \/>\nEdad: 24<br \/>\nSoy un joven extreme\u00f1o el cu\u00e1l ha estudiado un grado y despu\u00e9s de dar muchos tumbos en diferentes trabajos a la par que estudiaba, ha conseguido un trabajo estable.\u00bb8&#8243; horas diarias y un sueldo digno&#8230; Cu\u00e1l es el problema, que m\u00ed contrato es de formaci\u00f3n (en el cu\u00e1l debo trabajar 6 horas en el trabajo y 2 en casa hasta completar la jornada laboral), la realidad es que trabajo m\u00e1s de 8 horas diarias y adem\u00e1s hacer el curso luego en casa. La repercusi\u00f3n de este tipo de contrato que me afecta, es que mi sueldo no se corresponde a las horas que trabajo, ahora bien, al tener una menor base de cotizaci\u00f3n por ser contrato en formaci\u00f3n el Erte en el que me encuentro por la situaci\u00f3n en la que vivimos voy a cobrar unos 300 euros menos que el resto de mis compa\u00f1eros. Y adem\u00e1s, no ejerzo de lo que es mi contrato en formaci\u00f3n, ya que eso se realiz\u00f3 para que mi Seguridad Social fuese m\u00e1s barata&#8230; En definitiva tengo que buscarme la vida para intentar aprobar el curso ya que si no lo supero no podr\u00eda seguir contratado con ese contrato y en fin, entrar en situaci\u00f3n de precariedad&#8230; Todo son inconvenientes y problemas.<\/p>\n","protected":false},"excerpt":{"rendered":"<p>Nombre: M.I. Edad: 24 Soy un joven extreme\u00f1o el cu\u00e1l ha estudiado un grado y despu\u00e9s de dar muchos tumbos en diferentes trabajos a la par que estudiaba, ha conseguido un trabajo estable.\u00bb8&#8243; horas diarias y un sueldo digno&#8230; Cu\u00e1l es el problema, que m\u00ed contrato es de formaci\u00f3n (en el cu\u00e1l debo trabajar 6 [&hellip;]<\/p>\n","protected":false},"author":1,"featured_media":0,"parent":533,"menu_order":0,"comment_status":"closed","ping_status":"closed","template":"","meta":{"_genesis_hide_title":false,"_genesis_hide_breadcrumbs":false,"_genesis_hide_singular_image":false,"_genesis_hide_footer_widgets":false,"_genesis_custom_body_class":"","_genesis_custom_post_class":"","_genesis_layout":"","footnotes":""},"class_list":{"0":"post-1241","1":"page","2":"type-page","3":"status-publish","5":"entry"},"_links":{"self":[{"href":"https:\/\/museodelaprecariedad.cjex.org\/index.php\/wp-json\/wp\/v2\/pages\/1241","targetHints":{"allow":["GET"]}}],"collection":[{"href":"https:\/\/museodelaprecariedad.cjex.org\/index.php\/wp-json\/wp\/v2\/pages"}],"about":[{"href":"https:\/\/museodelaprecariedad.cjex.org\/index.php\/wp-json\/wp\/v2\/types\/page"}],"author":[{"embeddable":true,"href":"https:\/\/museodelaprecariedad.cjex.org\/index.php\/wp-json\/wp\/v2\/users\/1"}],"replies":[{"embeddable":true,"href":"https:\/\/museodelaprecariedad.cjex.org\/index.php\/wp-json\/wp\/v2\/comments?post=1241"}],"version-history":[{"count":2,"href":"https:\/\/museodelaprecariedad.cjex.org\/index.php\/wp-json\/wp\/v2\/pages\/1241\/revisions"}],"predecessor-version":[{"id":1244,"href":"https:\/\/museodelaprecariedad.cjex.org\/index.php\/wp-json\/wp\/v2\/pages\/1241\/revisions\/1244"}],"up":[{"embeddable":true,"href":"https:\/\/museodelaprecariedad.cjex.org\/index.php\/wp-json\/wp\/v2\/pages\/533"}],"wp:attachment":[{"href":"https:\/\/museodelaprecariedad.cjex.org\/index.php\/wp-json\/wp\/v2\/media?parent=1241"}],"curies":[{"name":"wp","href":"https:\/\/api.w.org\/{rel}","templated":true}]}}