{"id":1228,"date":"2020-04-30T07:17:57","date_gmt":"2020-04-30T07:17:57","guid":{"rendered":"https:\/\/museodelaprecariedad.cjex.org\/?page_id=1228"},"modified":"2020-04-30T07:18:25","modified_gmt":"2020-04-30T07:18:25","slug":"1228-2","status":"publish","type":"page","link":"https:\/\/museodelaprecariedad.cjex.org\/index.php\/coleccion\/1228-2\/","title":{"rendered":"Mi propio ordenador"},"content":{"rendered":"<p><img loading=\"lazy\" decoding=\"async\" class=\"size-full wp-image-1229 aligncenter\" src=\"https:\/\/museodelaprecariedad.cjex.org\/wp-content\/uploads\/2020\/04\/museo-arte-precariedad-juvenil.jpg\" alt=\"\" width=\"1113\" height=\"1110\" srcset=\"https:\/\/museodelaprecariedad.cjex.org\/wp-content\/uploads\/2020\/04\/museo-arte-precariedad-juvenil.jpg 1113w, https:\/\/museodelaprecariedad.cjex.org\/wp-content\/uploads\/2020\/04\/museo-arte-precariedad-juvenil-300x300.jpg 300w, https:\/\/museodelaprecariedad.cjex.org\/wp-content\/uploads\/2020\/04\/museo-arte-precariedad-juvenil-1024x1021.jpg 1024w, https:\/\/museodelaprecariedad.cjex.org\/wp-content\/uploads\/2020\/04\/museo-arte-precariedad-juvenil-150x150.jpg 150w, https:\/\/museodelaprecariedad.cjex.org\/wp-content\/uploads\/2020\/04\/museo-arte-precariedad-juvenil-768x766.jpg 768w, https:\/\/museodelaprecariedad.cjex.org\/wp-content\/uploads\/2020\/04\/museo-arte-precariedad-juvenil-75x75.jpg 75w\" sizes=\"auto, (max-width: 1113px) 100vw, 1113px\" \/><\/p>\n<p>Nombre: VGS<br \/>\nEdad: 30 a\u00f1os<\/p>\n<p>S\u00e9ctor: Aut\u00f3nomo<\/p>\n<p>Vivo en una ciudad mediana-grande. Nos fuimos a vivir aqu\u00ed porque mi pareja ten\u00eda trabajo, pero con su sueldo dif\u00edcilmente podemos tener un vida digna.<\/p>\n<p>Por esta circunstancia me vi obligado a aceptar el trabajo en una empresa en la que no me ofrec\u00edan contrato, solo un acuerdo verbal y siendo yo aut\u00f3nomo. \u2028\u2028Se que es ilegal, trabajo 10 horas al d\u00eda m\u00e1s desplazamientos sin saber qu\u00e9 ir\u00e1 pasando mes tras mes<\/p>\n","protected":false},"excerpt":{"rendered":"<p>Nombre: VGS Edad: 30 a\u00f1os S\u00e9ctor: Aut\u00f3nomo Vivo en una ciudad mediana-grande. Nos fuimos a vivir aqu\u00ed porque mi pareja ten\u00eda trabajo, pero con su sueldo dif\u00edcilmente podemos tener un vida digna. Por esta circunstancia me vi obligado a aceptar el trabajo en una empresa en la que no me ofrec\u00edan contrato, solo un acuerdo [&hellip;]<\/p>\n","protected":false},"author":1,"featured_media":0,"parent":533,"menu_order":7,"comment_status":"closed","ping_status":"closed","template":"","meta":{"_genesis_hide_title":false,"_genesis_hide_breadcrumbs":false,"_genesis_hide_singular_image":false,"_genesis_hide_footer_widgets":false,"_genesis_custom_body_class":"","_genesis_custom_post_class":"","_genesis_layout":"","footnotes":""},"class_list":{"0":"post-1228","1":"page","2":"type-page","3":"status-publish","5":"entry"},"_links":{"self":[{"href":"https:\/\/museodelaprecariedad.cjex.org\/index.php\/wp-json\/wp\/v2\/pages\/1228","targetHints":{"allow":["GET"]}}],"collection":[{"href":"https:\/\/museodelaprecariedad.cjex.org\/index.php\/wp-json\/wp\/v2\/pages"}],"about":[{"href":"https:\/\/museodelaprecariedad.cjex.org\/index.php\/wp-json\/wp\/v2\/types\/page"}],"author":[{"embeddable":true,"href":"https:\/\/museodelaprecariedad.cjex.org\/index.php\/wp-json\/wp\/v2\/users\/1"}],"replies":[{"embeddable":true,"href":"https:\/\/museodelaprecariedad.cjex.org\/index.php\/wp-json\/wp\/v2\/comments?post=1228"}],"version-history":[{"count":2,"href":"https:\/\/museodelaprecariedad.cjex.org\/index.php\/wp-json\/wp\/v2\/pages\/1228\/revisions"}],"predecessor-version":[{"id":1231,"href":"https:\/\/museodelaprecariedad.cjex.org\/index.php\/wp-json\/wp\/v2\/pages\/1228\/revisions\/1231"}],"up":[{"embeddable":true,"href":"https:\/\/museodelaprecariedad.cjex.org\/index.php\/wp-json\/wp\/v2\/pages\/533"}],"wp:attachment":[{"href":"https:\/\/museodelaprecariedad.cjex.org\/index.php\/wp-json\/wp\/v2\/media?parent=1228"}],"curies":[{"name":"wp","href":"https:\/\/api.w.org\/{rel}","templated":true}]}}