{"id":1206,"date":"2020-04-29T09:48:32","date_gmt":"2020-04-29T09:48:32","guid":{"rendered":"https:\/\/museodelaprecariedad.cjex.org\/?page_id=1206"},"modified":"2020-04-29T10:03:28","modified_gmt":"2020-04-29T10:03:28","slug":"el-museo","status":"publish","type":"page","link":"https:\/\/museodelaprecariedad.cjex.org\/index.php\/el-museo\/","title":{"rendered":"El Museo"},"content":{"rendered":"<p>El museo de la precariedad juvenil nace con la alta misi\u00f3n de conservar, exponer y mostrar el conjunto de colecciones que, estrechamente vinculada a la historia de Extremadura, constituyen una manifestaci\u00f3n de expresi\u00f3n de la precariedad juvenil.<\/p>\n<hr \/>\n<h2 style=\"text-align: center;\">\u00bfC\u00f3mo funciona?<\/h2>\n<p><img loading=\"lazy\" decoding=\"async\" class=\"size-full wp-image-1211 aligncenter\" src=\"https:\/\/museodelaprecariedad.cjex.org\/wp-content\/uploads\/2020\/04\/rider-museo-precariedad.jpg\" alt=\"\" width=\"1920\" height=\"516\" srcset=\"https:\/\/museodelaprecariedad.cjex.org\/wp-content\/uploads\/2020\/04\/rider-museo-precariedad.jpg 1920w, https:\/\/museodelaprecariedad.cjex.org\/wp-content\/uploads\/2020\/04\/rider-museo-precariedad-300x81.jpg 300w, https:\/\/museodelaprecariedad.cjex.org\/wp-content\/uploads\/2020\/04\/rider-museo-precariedad-1024x275.jpg 1024w, https:\/\/museodelaprecariedad.cjex.org\/wp-content\/uploads\/2020\/04\/rider-museo-precariedad-768x206.jpg 768w, https:\/\/museodelaprecariedad.cjex.org\/wp-content\/uploads\/2020\/04\/rider-museo-precariedad-1536x413.jpg 1536w\" sizes=\"auto, (max-width: 1920px) 100vw, 1920px\" \/><\/p>\n<p>La idea motriz del Museo de la Precariedad Juvenil es la consecuencia del trato y las condiciones que recibimos las personas j\u00f3venes de esta regi\u00f3n. Por eso hemos puesto en marcha un programa en el que cualquier persona puede aportar una obra a nuestra colecci\u00f3n. Solo tienes que visitar el siguiente enlace y contarnos tu historia de precariedad juvenil.<\/p>\n<p style=\"text-align: center;\"><a href=\"https:\/\/museodelaprecariedad.cjex.org\/index.php\/museo-de-la-precariedad\/\">Cu\u00e9ntanos tu historia<\/a><\/p>\n<p>&nbsp;<\/p>\n<p>&nbsp;<\/p>\n","protected":false},"excerpt":{"rendered":"<p>El museo de la precariedad juvenil nace con la alta misi\u00f3n de conservar, exponer y mostrar el conjunto de colecciones que, estrechamente vinculada a la historia de Extremadura, constituyen una manifestaci\u00f3n de expresi\u00f3n de la precariedad juvenil. \u00bfC\u00f3mo funciona? La idea motriz del Museo de la Precariedad Juvenil es la consecuencia del trato y las [&hellip;]<\/p>\n","protected":false},"author":1,"featured_media":0,"parent":0,"menu_order":0,"comment_status":"closed","ping_status":"closed","template":"","meta":{"_genesis_hide_title":false,"_genesis_hide_breadcrumbs":false,"_genesis_hide_singular_image":false,"_genesis_hide_footer_widgets":false,"_genesis_custom_body_class":"","_genesis_custom_post_class":"","_genesis_layout":"","footnotes":""},"class_list":{"0":"post-1206","1":"page","2":"type-page","3":"status-publish","5":"entry"},"_links":{"self":[{"href":"https:\/\/museodelaprecariedad.cjex.org\/index.php\/wp-json\/wp\/v2\/pages\/1206","targetHints":{"allow":["GET"]}}],"collection":[{"href":"https:\/\/museodelaprecariedad.cjex.org\/index.php\/wp-json\/wp\/v2\/pages"}],"about":[{"href":"https:\/\/museodelaprecariedad.cjex.org\/index.php\/wp-json\/wp\/v2\/types\/page"}],"author":[{"embeddable":true,"href":"https:\/\/museodelaprecariedad.cjex.org\/index.php\/wp-json\/wp\/v2\/users\/1"}],"replies":[{"embeddable":true,"href":"https:\/\/museodelaprecariedad.cjex.org\/index.php\/wp-json\/wp\/v2\/comments?post=1206"}],"version-history":[{"count":7,"href":"https:\/\/museodelaprecariedad.cjex.org\/index.php\/wp-json\/wp\/v2\/pages\/1206\/revisions"}],"predecessor-version":[{"id":1215,"href":"https:\/\/museodelaprecariedad.cjex.org\/index.php\/wp-json\/wp\/v2\/pages\/1206\/revisions\/1215"}],"wp:attachment":[{"href":"https:\/\/museodelaprecariedad.cjex.org\/index.php\/wp-json\/wp\/v2\/media?parent=1206"}],"curies":[{"name":"wp","href":"https:\/\/api.w.org\/{rel}","templated":true}]}}

<p>El museo de la precariedad juvenil nace con la alta misión de conservar, exponer y mostrar el conjunto de colecciones que, estrechamente vinculada a la historia de Extremadura, constituyen una manifestación de expresión de la precariedad juvenil.</p>
<hr />
<h2 style="text-align: center;">¿Cómo funciona?</h2>
<p><img loading="lazy" decoding="async" class="size-full wp-image-1211 aligncenter" src="https://museodelaprecariedad.cjex.org/wp-content/uploads/2020/04/rider-museo-precariedad.jpg" alt="" width="1920" height="516" srcset="https://museodelaprecariedad.cjex.org/wp-content/uploads/2020/04/rider-museo-precariedad.jpg 1920w, https://museodelaprecariedad.cjex.org/wp-content/uploads/2020/04/rider-museo-precariedad-300x81.jpg 300w, https://museodelaprecariedad.cjex.org/wp-content/uploads/2020/04/rider-museo-precariedad-1024x275.jpg 1024w, https://museodelaprecariedad.cjex.org/wp-content/uploads/2020/04/rider-museo-precariedad-768x206.jpg 768w, https://museodelaprecariedad.cjex.org/wp-content/uploads/2020/04/rider-museo-precariedad-1536x413.jpg 1536w" sizes="auto, (max-width: 1920px) 100vw, 1920px" /></p>
<p>La idea motriz del Museo de la Precariedad Juvenil es la consecuencia del trato y las condiciones que recibimos las personas jóvenes de esta región. Por eso hemos puesto en marcha un programa en el que cualquier persona puede aportar una obra a nuestra colección. Solo tienes que visitar el siguiente enlace y contarnos tu historia de precariedad juvenil.</p>
<p style="text-align: center;"><a href="https://museodelaprecariedad.cjex.org/index.php/museo-de-la-precariedad/">Cuéntanos tu historia</a></p>
<p>&nbsp;</p>
<p>&nbsp;</p>

<p>El museo de la precariedad juvenil nace con la alta misión de conservar, exponer y mostrar el conjunto de colecciones que, estrechamente vinculada a la historia de Extremadura, constituyen una manifestación de expresión de la precariedad juvenil. ¿Cómo funciona? La idea motriz del Museo de la Precariedad Juvenil es la consecuencia del trato y las [&hellip;]</p>
