{"id":1191,"date":"2020-04-29T07:24:43","date_gmt":"2020-04-29T07:24:43","guid":{"rendered":"https:\/\/museodelaprecariedad.cjex.org\/?page_id=1191"},"modified":"2020-06-05T06:53:10","modified_gmt":"2020-06-05T06:53:10","slug":"actualidad","status":"publish","type":"page","link":"https:\/\/museodelaprecariedad.cjex.org\/index.php\/actualidad\/","title":{"rendered":"Actualidad"},"content":{"rendered":"<h2 class=\"entry-title2\" data-fontsize=\"34\">Observatorio de Emancipaci\u00f3n Joven. Primer semestre de 2019<\/h2>\n<p data-fontsize=\"16\">A diferencia de lo que ha ocurrido en otras comunidades aut\u00f3nomas, Extremadura ha sido de las pocas en la que la tasa de emancipaci\u00f3n aument\u00f3 dos puntos porcentuales del segundo trimestre de 2018 a 2019, no obstante no podemos hablar de una subida realmente significativa y nos encontramos actualmente con una tasa de emancipaci\u00f3n del 17,5% de j\u00f3venes de entre 16 y 29 a\u00f1os. Los datos en cuanto al acceso a la vivienda dibujan a priori, mejores condiciones de acceso en Extremadura, pero s\u00f3lo a priori, porque aunque somos la segunda comunidad (por detr\u00e1s de Castlla- La Mancha) en cuanto a accesibilidad en los precios de compra y alquiler de viviendas, al analizar las condiciones socio- laborales de la juventud extreme\u00f1a, la situaci\u00f3n se hace de las m\u00e1s complicadas para conseguir esa emancipaci\u00f3n en condiciones dignas. Actualmente, una persona joven en Extremadura tendr\u00eda que destinar el 39,6% y el 53,8% del salario neto, para el acceso a la compra y al alquiler de una vivienda libre, respectivamente. La \u00fanica opci\u00f3n viable en t\u00e9rminos monetarios para una persona joven ser\u00eda compartir el alquiler de una vivienda. Pero para que al menos pueda darse esta situaci\u00f3n, la juventud extreme\u00f1a debe tener un empleo con un sueldo que garantice que puedan darse esas condiciones, y seg\u00fan los datos, la realidad de la juventud extreme\u00f1a es la siguiente:<\/p>\n<p data-fontsize=\"16\">EMPLEO PRECARIO: SUBOCUPACI\u00d3N, SOBRECUALIFICACI\u00d3N, TEMPORALIDAD Y BAJOS SALARIOS.<span class=\"Apple-converted-space\">\u00a0<\/span><\/p>\n<p data-fontsize=\"16\">El 79,8% de la poblaci\u00f3n joven ocupada de Extremadura realiza jornadas a tiempo completo, lo cual significa la tercera mayor cuota de Espa\u00f1a, pero esta cifra choca con las de poblaci\u00f3n subocupada, ya que el subempleo por insuficiencia de horas alcanza los m\u00e1ximos registros en la Comunidad, en cuanto a la sobrecualificaci\u00f3n, somos la tercera Comunidad Aut\u00f3noma con la mayor proporci\u00f3n de personas con estudios superiores terminados (y que ya no sigue estudiando) que est\u00e1 sobrecualificada en su puesto de trabajo actual.<span class=\"Apple-converted-space\">\u00a0<\/span><\/p>\n<p data-fontsize=\"16\">Por su parte, la tasa de temporalidad de la poblaci\u00f3n joven en Extremadura sigue siendo la m\u00e1s abultada de Espa\u00f1a, el alcance de la temporalidad en Extremadura supera ampliamente la media estatal (44,5% frente al 32,0%). Por \u00faltimo, de media la juventud extreme\u00f1a es el colectivo que percibe el salario m\u00e1s bajo de todo el pa\u00eds.<span class=\"Apple-converted-space\">\u00a0<\/span><\/p>\n<p data-fontsize=\"16\">Como consecuencia, tener un trabajo no es garant\u00eda de tener unas condiciones dignas para poder desarrollar un proyecto de vida, as\u00ed lo indican tambi\u00e9n los indicadores sobre pobreza, que alertan que 6 de cada 10 personas j\u00f3venes en Extremadura est\u00e1 en riesgo de pobreza y exclusi\u00f3n social.<\/p>\n<p data-fontsize=\"16\">REVERTIR LOS DATOS, APOSTAR POR LA CREACI\u00d3N DE EMPLEOS ESTABLES Y PLANES DE RETORNO SOSTENIBLES<\/p>\n<p data-fontsize=\"16\">Desde el Consejo de la Juventud de Extremadura reivindicamos y as\u00ed lo estamos haciendo constatar antes los y las representantes de pol\u00edticas en la regi\u00f3n, medidas que partan de estas realidades, que hagan frente al alto desempleo juvenil y a la precariedad a la que nos vemos sometidas las personas j\u00f3venes en Extremadura. Como otros tantos problemas de nuestro tiempo, hay que hacer frente a que Extremadura pierde poblaci\u00f3n joven como ninguna otra comunidad, nos vamos en busca de un proyecto personal y laboral en condiciones dignas, que no sabemos si llegar\u00e1 y que en muchas ocasiones posponemos, con la esperanza y la ilusi\u00f3n, de poder regresar a nuestros lugares de origen. Por eso, instamos a que se mejore la vida en la comunidad y que sea posible el retorno de todas las personas j\u00f3venes que quieren volver. No podemos aceptar ni queremos la incertidumbre como modelo de vida.<span class=\"Apple-converted-space\">\u00a0<\/span><\/p>\n<p data-fontsize=\"16\">Se puede consultar el informe al completo <a href=\"https:\/\/www.cjex.org\/wp-content\/uploads\/2020\/02\/2019-1SEM_DT_12-Extremadura_Anexos.pdf\" data-fontsize=\"16\">aqu\u00ed: Observatorio de Emancipaci\u00f3n\u00a0<\/a><\/p>\n<p data-fontsize=\"16\">Para dudas sobre el estudio accede a la <a href=\"https:\/\/www.cjex.org\/wp-content\/uploads\/2020\/02\/2019-1SEM_nota-Metodologica.pdf\" data-fontsize=\"16\">nota metodol\u00f3gica<\/a><\/p>\n<p data-fontsize=\"16\">Y si necesitas algo m\u00e1s puedes escribirnos a comunicacion@cjex.org<\/p>\n<p data-fontsize=\"16\">\n<h1><span class=\"titulo\">Los s\u00edntomas de depresi\u00f3n y ansiedad se disparan entre j\u00f3venes por la crisis del coronavirus <\/span><\/h1>\n<div class=\"entradilla\">Mira aqu\u00ed esta interesante noticia publicada en<a href=\"https:\/\/www.elsaltodiario.com\/salud-mental\/depresion-ansiedad-dispara-jovenes-covid-19\"> El Salto<\/a><\/div>\n<div><\/div>\n","protected":false},"excerpt":{"rendered":"<p>Observatorio de Emancipaci\u00f3n Joven. Primer semestre de 2019 A diferencia de lo que ha ocurrido en otras comunidades aut\u00f3nomas, Extremadura ha sido de las pocas en la que la tasa de emancipaci\u00f3n aument\u00f3 dos puntos porcentuales del segundo trimestre de 2018 a 2019, no obstante no podemos hablar de una subida realmente significativa y nos [&hellip;]<\/p>\n","protected":false},"author":1,"featured_media":0,"parent":0,"menu_order":0,"comment_status":"closed","ping_status":"closed","template":"","meta":{"_genesis_hide_title":false,"_genesis_hide_breadcrumbs":false,"_genesis_hide_singular_image":false,"_genesis_hide_footer_widgets":false,"_genesis_custom_body_class":"","_genesis_custom_post_class":"","_genesis_layout":"","footnotes":""},"class_list":{"0":"post-1191","1":"page","2":"type-page","3":"status-publish","5":"entry"},"_links":{"self":[{"href":"https:\/\/museodelaprecariedad.cjex.org\/index.php\/wp-json\/wp\/v2\/pages\/1191","targetHints":{"allow":["GET"]}}],"collection":[{"href":"https:\/\/museodelaprecariedad.cjex.org\/index.php\/wp-json\/wp\/v2\/pages"}],"about":[{"href":"https:\/\/museodelaprecariedad.cjex.org\/index.php\/wp-json\/wp\/v2\/types\/page"}],"author":[{"embeddable":true,"href":"https:\/\/museodelaprecariedad.cjex.org\/index.php\/wp-json\/wp\/v2\/users\/1"}],"replies":[{"embeddable":true,"href":"https:\/\/museodelaprecariedad.cjex.org\/index.php\/wp-json\/wp\/v2\/comments?post=1191"}],"version-history":[{"count":3,"href":"https:\/\/museodelaprecariedad.cjex.org\/index.php\/wp-json\/wp\/v2\/pages\/1191\/revisions"}],"predecessor-version":[{"id":1296,"href":"https:\/\/museodelaprecariedad.cjex.org\/index.php\/wp-json\/wp\/v2\/pages\/1191\/revisions\/1296"}],"wp:attachment":[{"href":"https:\/\/museodelaprecariedad.cjex.org\/index.php\/wp-json\/wp\/v2\/media?parent=1191"}],"curies":[{"name":"wp","href":"https:\/\/api.w.org\/{rel}","templated":true}]}}

<h2 class="entry-title2" data-fontsize="34">Observatorio de Emancipación Joven. Primer semestre de 2019</h2>
<p data-fontsize="16">A diferencia de lo que ha ocurrido en otras comunidades autónomas, Extremadura ha sido de las pocas en la que la tasa de emancipación aumentó dos puntos porcentuales del segundo trimestre de 2018 a 2019, no obstante no podemos hablar de una subida realmente significativa y nos encontramos actualmente con una tasa de emancipación del 17,5% de jóvenes de entre 16 y 29 años. Los datos en cuanto al acceso a la vivienda dibujan a priori, mejores condiciones de acceso en Extremadura, pero sólo a priori, porque aunque somos la segunda comunidad (por detrás de Castlla- La Mancha) en cuanto a accesibilidad en los precios de compra y alquiler de viviendas, al analizar las condiciones socio- laborales de la juventud extremeña, la situación se hace de las más complicadas para conseguir esa emancipación en condiciones dignas. Actualmente, una persona joven en Extremadura tendría que destinar el 39,6% y el 53,8% del salario neto, para el acceso a la compra y al alquiler de una vivienda libre, respectivamente. La única opción viable en términos monetarios para una persona joven sería compartir el alquiler de una vivienda. Pero para que al menos pueda darse esta situación, la juventud extremeña debe tener un empleo con un sueldo que garantice que puedan darse esas condiciones, y según los datos, la realidad de la juventud extremeña es la siguiente:</p>
<p data-fontsize="16">EMPLEO PRECARIO: SUBOCUPACIÓN, SOBRECUALIFICACIÓN, TEMPORALIDAD Y BAJOS SALARIOS.<span class="Apple-converted-space"> </span></p>
<p data-fontsize="16">El 79,8% de la población joven ocupada de Extremadura realiza jornadas a tiempo completo, lo cual significa la tercera mayor cuota de España, pero esta cifra choca con las de población subocupada, ya que el subempleo por insuficiencia de horas alcanza los máximos registros en la Comunidad, en cuanto a la sobrecualificación, somos la tercera Comunidad Autónoma con la mayor proporción de personas con estudios superiores terminados (y que ya no sigue estudiando) que está sobrecualificada en su puesto de trabajo actual.<span class="Apple-converted-space"> </span></p>
<p data-fontsize="16">Por su parte, la tasa de temporalidad de la población joven en Extremadura sigue siendo la más abultada de España, el alcance de la temporalidad en Extremadura supera ampliamente la media estatal (44,5% frente al 32,0%). Por último, de media la juventud extremeña es el colectivo que percibe el salario más bajo de todo el país.<span class="Apple-converted-space"> </span></p>
<p data-fontsize="16">Como consecuencia, tener un trabajo no es garantía de tener unas condiciones dignas para poder desarrollar un proyecto de vida, así lo indican también los indicadores sobre pobreza, que alertan que 6 de cada 10 personas jóvenes en Extremadura está en riesgo de pobreza y exclusión social.</p>
<p data-fontsize="16">REVERTIR LOS DATOS, APOSTAR POR LA CREACIÓN DE EMPLEOS ESTABLES Y PLANES DE RETORNO SOSTENIBLES</p>
<p data-fontsize="16">Desde el Consejo de la Juventud de Extremadura reivindicamos y así lo estamos haciendo constatar antes los y las representantes de políticas en la región, medidas que partan de estas realidades, que hagan frente al alto desempleo juvenil y a la precariedad a la que nos vemos sometidas las personas jóvenes en Extremadura. Como otros tantos problemas de nuestro tiempo, hay que hacer frente a que Extremadura pierde población joven como ninguna otra comunidad, nos vamos en busca de un proyecto personal y laboral en condiciones dignas, que no sabemos si llegará y que en muchas ocasiones posponemos, con la esperanza y la ilusión, de poder regresar a nuestros lugares de origen. Por eso, instamos a que se mejore la vida en la comunidad y que sea posible el retorno de todas las personas jóvenes que quieren volver. No podemos aceptar ni queremos la incertidumbre como modelo de vida.<span class="Apple-converted-space"> </span></p>
<p data-fontsize="16">Se puede consultar el informe al completo <a href="https://www.cjex.org/wp-content/uploads/2020/02/2019-1SEM_DT_12-Extremadura_Anexos.pdf" data-fontsize="16">aquí: Observatorio de Emancipación </a></p>
<p data-fontsize="16">Para dudas sobre el estudio accede a la <a href="https://www.cjex.org/wp-content/uploads/2020/02/2019-1SEM_nota-Metodologica.pdf" data-fontsize="16">nota metodológica</a></p>
<p data-fontsize="16">Y si necesitas algo más puedes escribirnos a comunicacion@cjex.org</p>
<p data-fontsize="16">
<h1><span class="titulo">Los síntomas de depresión y ansiedad se disparan entre jóvenes por la crisis del coronavirus </span></h1>
<div class="entradilla">Mira aquí esta interesante noticia publicada en<a href="https://www.elsaltodiario.com/salud-mental/depresion-ansiedad-dispara-jovenes-covid-19"> El Salto</a></div>
<div></div>

<p>Observatorio de Emancipación Joven. Primer semestre de 2019 A diferencia de lo que ha ocurrido en otras comunidades autónomas, Extremadura ha sido de las pocas en la que la tasa de emancipación aumentó dos puntos porcentuales del segundo trimestre de 2018 a 2019, no obstante no podemos hablar de una subida realmente significativa y nos [&hellip;]</p>
